g + 10. Give z(3).
7
Let v(c) = -2*c**2 - 10*c + 18. Give v(-10).
-82
Let u(c) = -c**3 + 5*c**2 + c + 6. Calculate u(6).
-24
Let b(p) = -2*p**3 - p**2 + p - 1. What is b(-2)?
9
Let f(i) = -i**3 - 5*i**2 + 2*i + 4. Calculate f(-5).
-6
Let o(p) = 10*p + 55. Give o(-6).
-5
Let g(z) = 2*z**3 + 4*z**2 + 2*z - 1. Determine g(-3).
-25
Let a(z) = 2*z**2 - z - 39. What is a(-5)?
16
Let a(m) = m**3 + 2*m**2 + 5*m + 4. Give a(-2).
-6
Let y(d) = d**3 + 26*d**2 - 30. Determine y(-26).
-30
Let s(d) = -2*d - 10. Determine s(-11).
12
Let x(p) = p**2 + 12*p + 11. Give x(-10).
-9
Let c(n) = -2*n + 3. Give c(-3).
9
Let m(s) = 3*s + 27. What is m(-8)?
3
Let b(p) = 2*p**3 - 6*p**2 + 6*p - 6. Give b(2).
-2
Let t(d) = d**3 - 18*d**2 + d - 44. Give t(18).
-26
Let a(k) = -k**2 - 19*k - 79. Determine a(-7).
5
Let r(g) = -g**3 - 23*g**2 - 60*g - 1. Calculate r(-20).
-1
Let g(x) = x**2 - 14*x + 12. Determine g(14).
12
Let j(t) = -2*t**3 - 2*t**2 + t. What is j(-2)?
6
Let x(z) = -4*z + 9. What is x(-7)?
37
Let y(c) = c**2 + 4*c - 3. Give y(-4).
-3
Let x(w) = -w**3 - 13*w**2 - w - 16. Calculate x(-13).
-3
Let f(w) = w**2 - 17*w + 4. What is f(13)?
-48
Let k(i) = 339*i - 2710. Determine k(8).
2
Let w(p) = p**3 - 16*p**2 - 18*p + 25. Calculate w(17).
8
Let y(i) = -i**2 + 5*i - 1. Determine y(5).
-1
Let y(i) = -i**2 - 3*i + 3. Determine y(2).
-7
Let k(h) = -h**2 + 9*h. What is k(8)?
8
Let o(d) = -2*d**2 + 21. What is o(0)?
21
Let u(r) = r**2 - 4*r - 1. Give u(2).
-5
Let t(q) = -q**2 - 2*q - 17. What is t(-5)?
-32
Let f(l) = l**3 - l**2 + 2*l + 5. Give f(-1).
1
Let m(w) = -w**3 + 6*w**2 + 29*w - 145. What is m(4)?
3
Let j(r) = 4*r**3 + r - 3. What is j(1)?
2
Let x(k) = -12*k + 48. Calculate x(4).
0
Let t(h) = -188*h - 185. Calculate t(-1).
3
Let q(p) = p**3 - 6*p**2 + 4. Calculate q(4).
-28
Let v(d) = -d**3 - 33*d**2 - 32*d - 6. What is v(-32)?
-6
Let y(a) = -6*a + 62. Determine y(12).
-10
Let h(i) = -19*i - 211. What is h(-11)?
-2
Let c(j) = -19*j + 22. Give c(-6).
136
Let d(m) = -m + 1. Give d(-5).
6
Let u(i) = i**2 - 55*i + 455. What is u(45)?
5
Let w(k) = 15*k**2 + 90*k - 4. Give w(-6).
-4
Let n(i) = i**3 - 28*i**2 + 2*i - 69. Determine n(28).
-13
Let o(j) = j**3 - 9*j**2 + 8*j + 1. Give o(8).
1
Let r(n) = 15*n - 116. What is r(8)?
4
Let y(d) = -d**2 - 25*d - 50. Determine y(-22).
16
Let w(m) = -m**3 + 14*m**2 + m - 26. What is w(14)?
-12
Let j(n) = -n**3 - 4*n**2 + n + 16. Determine j(0).
16
Let q(j) = 14*j + 1. Calculate q(2).
29
Let m(l) = -70*l - 144. Calculate m(-2).
-4
Let m(b) = b**2 + 2*b - 39. What is m(5)?
-4
Let q(r) = -r**2 - 5*r + 40. What is q(5)?
-10
Let k(i) = i**2 + 26*i + 15. Determine k(-25).
-10
Let w(m) = m**2 + 6*m - 47. What is w(0)?
-47
Let l(i) = -2*i + 14. Determine l(12).
-10
Let m(o) = -13*o - 32. Determine m(-3).
7
Let j(y) = 8*y - 152. Give j(19).
0
Let x(s) = -s**3 + 12*s**2 - 35*s - 6. Give x(6).
0
Let k(m) = -19*m - 291. Give k(-16).
13
Let m(v) = -12*v**3 - 3*v**2 - 5*v - 2. What is m(-1)?
12
Let y(k) = k - 29. Give y(15).
-14
Let j(s) = 2*s + 14. What is j(-8)?
-2
Let g(u) = 5*u + 66. Calculate g(-24).
-54
Let c(d) = -d**2 + 13*d - 24. Give c(2).
-2
Let t(l) = l**2 + 15*l + 54. Determine t(-8).
-2
Let i(l) = -l**3 + 3*l**2 + 3*l + 2. Determine i(-2).
16
Let a(k) = -3*k**2 - 4*k + 1. Give a(-3).
-14
Let z(o) = 26*o**2 + o. What is z(-1)?
25
Let y(i) = -3*i**2 + 2*i + 17. Calculate y(-3).
-16
Let p(b) = -2*b**2 - 18*b + 2. Determine p(-9).
2
Let i(v) = 16*v + 42. Give i(-8).
-86
Let g(u) = 53*u**3 - u**2 - 2*u - 1. Give g(-1).
-53
Let a(w) = -w**2 + 5*w - 1. Give a(6).
-7
Let l(z) = -12*z + 78. Give l(6).
6
Let a(o) = -o**2 + 23*o + 28. Give a(17).
130
Let x(u) = -u**3 - 20*u**2 - 33*u + 31. Calculate x(-18).
-23
Let p(b) = b**2 - 5*b + 4. What is p(4)?
0
Let j(d) = d**2 + 30*d + 99. What is j(-26)?
-5
Let c(p) = p - 28. Give c(24).
-4
Let b(i) = -i**3 + 3*i**2 + 6*i - 4. Determine b(-3).
32
Let n(w) = -6*w + 43. What is n(6)?
7
Let u(p) = -34*p - 247. What is u(-7)?
-9
Let h(x) = -7*x + 63. What is h(10)?
-7
Let y(w) = -w**3 + w**2 + w. Determine y(2).
-2
Let d(n) = -n**3 + 19*n**2 - 19*n - 12. Give d(18).
-30
Let q(f) = 9*f - 32. Determine q(5).
13
Let c(t) = -8*t**2 - 2*t. Give c(1).
-10
Let u(g) = g + 3. Give u(2).
5
Let o(t) = 2*t**2 + 17*t + 7. What is o(-8)?
-1
Let t(y) = -y**2 - 14*y + 6. Calculate t(-20).
-114
Let l(i) = i**3 + 9*i**2 + 3*i + 19. Give l(-10).
-111
Let g(f) = -f**2 + 24*f. What is g(23)?
23
Let f(p) = p**3 - 12*p**2 - 13*p + 1. What is f(13)?
1
Let i(b) = b**2 + 5*b + 4. Determine i(-3).
-2
Let g(z) = 2*z**3 - 24*z**2 - 26*z + 8. Calculate g(13).
8
Let f(m) = m**3 - 7*m**2 + 13. Determine f(7).
13
Let k(w) = -3*w**2 + 7*w + 2. What is k(4)?
-18
Let y(k) = -3*k**3 + k**2 + 2*k - 2. Give y(1).
-2
Let u(l) = -l**3 - 25*l**2 - 22*l - 5. Determine u(-24).
-53
Let a(v) = -13*v - 72. Give a(-5).
-7
Let d(k) = -3*k - 105. Calculate d(-31).
-12
Let i(o) = 29*o**3 + 2*o**2 + 4*o + 1. Give i(-1).
-30
Let s(c) = 5*c + 6. Give s(3).
21
Let w(k) = 6*k + 29. Calculate w(-7).
-13
Let f(r) = r**2 - 8*r + 2. Determine f(6).
-10
Let b(t) = 8*t**3 - t**2 + t + 4. What is b(-2)?
-66
Let a(v) = v**3 + 50*v**2 - 53*v - 92. Determine a(-51).
10
Let q(f) = 2*f + 29. Determine q(-14).
1
Let p(x) = -3*x**2 - 2. Calculate p(3).
-29
Let f(k) = 12*k + 1. Determine f(1).
13
Let i(a) = -4*a**2 + 50*a - 14. Determine i(12).
10
Let i(r) = 6*r - 48. What is i(14)?
36
Let t(r) = -r**3 - 11*r**2 - 11*r + 2. Determine t(-10).
12
Let m(l) = 2*l - 16. Calculate m(11).
6
Let w(b) = -7*b**2 + 2*b - 1. What is w(-2)?
-33
Let a(j) = j**2 - 3*j + 3. Give a(3).
3
Let r(v) = 2*v + 19. What is r(-15)?
-11
Let j(z) = z**3 - 12*z**2 + 33*z + 5. Give j(8).
13
Let j(a) = 2*a**2 + 39*a - 23. Give j(-20).
-3
Let w(c) = c**2 + 15*c + 25. Calculate w(-14).
11
Let l(b) = -17*b - 27. Determine l(-3).
24
Let z(l) = l**3 + 2*l**2 + 2*l + 2. What is z(-3)?
-13
Let h(m) = m**3 - 9*m**2 + 13*m - 2. Calculate h(7).
-9
Let x(u) = -u**2 - 18*u - 41. Calculate x(-15).
4
Let s(h) = -5*h + 234. Calculate s(46).
4
Let s(u) = 2*u**2 - 4*u + 1. What is s(3)?
7
Let z(w) = 2*w**2 - 18*w + 35. Determine z(7).
7
Let q(f) = 20*f**3 + 2*f. What is q(1)?
22
Let d(o) = -o - 133. Calculate d(-33).
-100
Let f(y) = 17*y - 7. What is f(8)?
129
Let w(m) = -m**2 + 14*m - 6. Determine w(11).
27
Let i(k) = k**3 - 7*k**2 + 4*k. Calculate i(6).
-12
Let p(g) = -g**2 + 16*g - 54. Determine p(12).
-6
Let r(k) = k**3 - 3*k**2 + 5*k - 1. What is r(2)?
5
Let y(m) = -6*m + 23. What is y(-7)?
65
Let s(m) = m**2 - 9*m + 2. Determine s(6).
-16
Let z(y) = 12*y**2 + y. Give z(1).
13
Let c(j) = 13*j**2 + 19*j + 4. Calculate c(-1).
-2
Let k(q) = q**2 + 12*q - 5. Calculate k(-12).
-5
Let f(m) = -m**2 - 3*m - 7. Calculate f(-5).
-17
Let g(t) = -t**2 + 7*t + 9. Calculate g(8).
1
Let f(l) = 6*l - 169. Give f(28).
-1
Let y(f) = -f**3 + 9*f**2 + 11*f + 16. What is y(10)?
26
Let r(u) = u**2 - 9*u + 16. What is r(7)?
2
Let v(g) = -105*g**2 + 2*g + 2. Give v(1).
-101
Let o(r) = r**3 - 2*r - 6. Determine o(3).
15
Let o(k) = k**3 - 13*k**2 + 16*k - 64. What is o(12)?
-16
Let j(q) = q - 9. Determine j(0).
-9
Let l(c) = -c**2 - 9*c - 11. Give l(-7).
3
Let l(f) = 7*f + 45. What is l(23)?
206
Let i(p) = 2*p - 24. What is i(10)?
-4
Let r(z) = -23*z + 58. Determine r(3).
-11
Let z(b) = 5*b - 2. What is z(3)?
13
Let a(i) = -18*i - 235. What is a(-13)?
-1
Let t(w) = -w**2 + 5*w + 5. Determine t(6).
-1
Let r(p) = 2*p - 44. Calculate r(22).
0
Let a(w) = -4*w**2 - 13*w + 7. Give a(-6).
-59
Let g(z) = 5*z**3 - z + 1. Give g(1).
5
Let b(h) = 2*h**3 + h**2 + h - 2. Calculate b(-2).
-16
Let w(o) = -o**2 + 9*o - 5. Calculate w(9).
-5
Let y(p) = 16*p - 1. What is y(1)?
15
Let a(p) = -4*p**2 + 19*p - 14. What is a(7)?
-77
Let r(k) = -k - 5. Calculate r(-9).
4
Let r(l) = l**3 + 10*l**2 + 5*l - 8. Calculate r(-8).
80
Let u(s) = -s + 11. What is u(10)?
1
Let w(x) = x**2 + x - 4. Give w(-4).
8
Let t(p) = 5*p**2 - 11*p + 6. Calculate t(3).
18
Let c(f) = -3*f**2 + 39*f + 46. What is c(14)?
4
Let h(w) = -2*w + 55. Calculate h(25).
5
Let g(c) = -3*c**3 + 19*c**2 - 7*c + 3. Determine g(6).
-3
Let u(w) = 9*w + 19. What is u(-6)?
-35
Let h(i) = 2*i - 8. Give h(-9).
-26
Let w(a) = 2*a**2 - 15*a - 7. Give w(8).
1
Let c(a) = a**2 - 28*a + 95. What is c(24